2*r - 31 - 29 = g. What is the remainder when r is divided by f(0)?
14
Let s be ((-12)/(-10))/((-6)/(-20)). Suppose -l = -3*j - 30, -s*j + 51 = -0*l + 3*l. What is the remainder when l is divided by 6?
3
Suppose 29 = 2*a - 19. What is the remainder when a is divided by 13?
11
What is the remainder when (-746)/(-10) + 22/55 is divided by 39?
36
Suppose -20 = -4*h + 4. Let r(k) = k**2 - 6*k. Let g be r(h). Calculate the remainder when (29 - g)*(3 - 2) is divided by 15.
14
Let g(u) = u**3 - u**2 - u + 2. Let f be g(2). Suppose 5*n = 25, f*b - 10 = 2*n - 0. Calculate the remainder when 7 is divided by b.
2
Let v(s) = 3*s + 43. What is the remainder when 30 is divided by v(-8)?
11
Let i(r) = r**3 - 8*r**2 + 8*r + 5. Let u be (10/(-8))/((-2)/(-24)). Let s = -8 - u. What is the remainder when i(7) is divided by s?
5
Let o(j) = 13*j + 1. Let l be o(-2). Let n = 36 + l. What is the remainder when n is divided by 4?
3
Let r(l) = 11*l + 1. What is the remainder when 35 is divided by r(1)?
11
Let m = -8 - -18. What is the remainder when 39 is divided by m?
9
Let z = -32 - -60. What is the remainder when 83 is divided by z?
27
Let q be (0 + 0)*7/14. Suppose -3*b + 2*d - d + 55 = q, b - 25 = -3*d. What is the remainder when b is divided by 11?
8
Let x be 27/(-12)*(-4)/1. Suppose -32 = -a - x. Calculate the remainder when a is divided by 13.
10
Let o(g) = -g**2 - 8*g - 6. Let m = -12 - -29. What is the remainder when m is divided by o(-5)?
8
Suppose 70 = a + 4*a. Let c be (3 - 3)*(1 - 2). Suppose 5*i - 4*k - 147 = c, -5*k + 46 = 2*i + 7. Calculate the remainder when i is divided by a.
13
Let x(n) = n**2 - 5*n. Let z be x(6). Suppose -42 = -5*o + 18. Let u = o - z. What is the remainder when 16 is divided by u?
4
Let b(v) = -v**3 - 6*v**2 - 6*v - 1. Let z be b(-5). Suppose -q + z = 2. What is the remainder when 3 is divided by q?
1
Let j(m) be the second derivative of m**5/20 + 5*m**4/12 - m**3/2 + 2*m. Let y be j(-5). What is the remainder when 30 is divided by 1 + 3/3*y?
14
Let w(r) = -27*r**2 + 1. Let o be w(1). Let p = -15 - o. Let q(m) = -m**3 - 9*m**2 - 11*m - 3. What is the remainder when q(-8) is divided by p?
10
What is the remainder when (-288)/(-10) + (-5)/(-25) is divided by 10?
9
Let s = 19 + -16. Suppose 0 = n - 4*n + s. What is the remainder when 1 is divided by n?
0
Let v = 5 - 0. Calculate the remainder when 22 is divided by v.
2
Calculate the remainder when 2/(-10) + (-1132)/(-10) is divided by 29.
26
Let n(h) = -75*h - 2. What is the remainder when n(-1) is divided by 37?
36
Suppose 3*p - 1 = 8. Suppose q + 5*f - 23 = -0*q, -2*q = p*f - 39. Let m(w) = 10*w. Calculate the remainder when q is divided by m(1).
8
Let z(l) = -l**3 + 5*l**2 + 3*l - 2. Suppose 0 = 4*b - 16, -5*c - b - 2*b = -32. Calculate the remainder when z(c) is divided by 9.
8
Let j be (-3)/((-3)/53) + -2. Let f = 100 - j. Calculate the remainder when f is divided by 17.
15
Suppose 0*w - 2*w = -44. Suppose 0 - 4 = -3*k + 4*i, -2*k + 1 = -3*i. What is the remainder when w is divided by k?
6
Let u = -16 - -8. Let i = u - -10. Calculate the remainder when 3 is divided by i.
1
Let n = -47 + 66. Suppose 0 = 5*t - 8 - 7. Suppose t*r + 14 = 35. Calculate the remainder when n is divided by r.
5
Suppose 5*f - 14 = 1. Let d = 2 + f. Suppose -3*m - 5 = -29. What is the remainder when m is divided by d?
3
Let v(o) = -o**3 - 4*o - 1. Let i(h) = -h + 8. Let p be i(5). Suppose -16 = p*a - 55. What is the remainder when v(-3) is divided by a?
12
Let n = -11 - -26. Let s = 5 + 4. What is the remainder when n is divided by s?
6
Suppose 0 = -4*o + 2*f + 10, -4*o + 4*f + 20 = -2*o. Suppose -l + 7 = -o*l - 2*c, -28 = -4*l - 3*c. What is the remainder when 20 is divided by l?
6
Let c = 18 + -6. Suppose 0 = -2*w + 3*j + 96, -6*j = 2*w - 3*j - 84. Calculate the remainder when w is divided by c.
9
Suppose -q + 2*q - 30 = 0. Calculate the remainder when q is divided by 16.
14
Let p(h) = h**3 + 7*h**2 + 3*h - 7. What is the remainder when p(-6) is divided by 6?
5
Suppose -3*d = 2*w - 23, 2*d = 4*w - 9 + 51. What is the remainder when 2/d + 1268/44 is divided by 15?
14
Let a = 62 + -56. What is the remainder when 43 is divided by a?
1
What is the remainder when (-2 - -112)/(2/(0 - -4)) is divided by 37?
35
Let i = -1 - -4. Suppose 0*o + 2*o - 24 = -i*y, -4*o + 76 = -y. Calculate the remainder when 33 is divided by o.
15
Suppose -2*t + 7*t = 175. What is the remainder when t is divided by 9?
8
Let u(k) = k**3 + 5*k**2 + 6*k + 6. Let j be u(-4). Suppose -3*w + 13 = -8. What is the remainder when (-6)/j + 0 + 16 is divided by w?
5
Let v(f) = f**3 + 6*f**2 - 16. Calculate the remainder when v(3) is divided by 17.
14
Suppose -10 = -g + 25. What is the remainder when g is divided by 9?
8
Let x be (-10 - 2)*2/(-6). Let g(o) = -2*o + 6. Let c be g(x). Calculate the remainder when 4 is divided by c/6 - 40/(-12).
1
Let h(y) = -y**2 - 12*y - 7. What is the remainder when 50 is divided by h(-10)?
11
Let f(k) = k**2 - 6*k - 1. Let h(s) = -s**3 + 1. What is the remainder when h(-3) is divided by f(8)?
13
Suppose 2*k - 2 = k. Let w = k + 21. What is the remainder when w is divided by 8?
7
Suppose 2*u = -2*p, 2*p = 7*p - 5*u - 40. Suppose 3*q = 6*q + 111. Let t = 52 + q. What is the remainder when t is divided by p?
3
Suppose m + 5*x = 10, 2*m + 0*x = -2*x + 12. Suppose 4*w - 28 = -0*r - 3*r, -3*w = 3*r - 30. What is the remainder when r is divided by m?
2
Let s(j) = -11*j - 5. Calculate the remainder when s(-4) is divided by 14.
11
Let h(x) = x**2 + 6*x + 13. What is the remainder when h(-11) is divided by 14?
12
Let l = 7 + -3. Suppose d + 29 = l*i, 0 = -5*i - 2*d - 2*d + 31. What is the remainder when 18*1 + (-2)/(-2) is divided by i?
5
Let m be (-4)/(-6) - 14/(-6). Let y be ((-4)/3)/((-2)/6). Suppose -x = -m*x + y. Calculate the remainder when 4 is divided by x.
0
Let r(x) = x**3 + 4*x**2 + 3*x + 1. Let j be r(-3). What is the remainder when (j*-2 + -4)*-2 is divided by 7?
5
Let s = 281 - 11. What is the remainder when (-1)/((3/1)/(-111)) is divided by 4/(-14) + s/14?
18
Suppose 0 = -3*n - 0*n. Let b = n + 45. Calculate the remainder when b is divided by 12.
9
Let v(r) = 35*r**2 + 3*r + 2. Calculate the remainder when v(-1) is divided by 12.
10
Suppose 5*p - p - 80 = 2*g, -2*p + 32 = 3*g. Suppose -265 = -3*i + 302. Let n = -134 + i. Calculate the remainder when n is divided by p.
17
Suppose -7*q = -2*q - 35. Suppose 0 = 2*v + d + 24 - 77, -v + 22 = -d. Calculate the remainder when v is divided by q.
4
Suppose w = 1 + 2. What is the remainder when 55 + 0 - (0 + w) is divided by 18?
16
What is the remainder when 20 - (-9 + 7)*(-2)/(-4) is divided by 4?
1
Suppose t - 2*t + 5 = 0, -5*o - 5*t = -150. Let h = 6 + 1. Calculate the remainder when o is divided by h.
4
Let j = 33 - 10. What is the remainder when 114 is divided by j?
22
Suppose -46 = -4*r + 2*a, -2*r - a + 68 = 3*r. Suppose 4*p - r = 3. What is the remainder when (-14)/4*6/(-3) is divided by p?
3
Let j(i) = 3*i**2 + 5*i + 3. Let q(c) = 5*c**2 - 4*c - 6. Calculate the remainder when q(-4) is divided by j(-4).
28
Let v(q) = 6*q - 21. Calculate the remainder when 41 is divided by v(7).
20
Suppose t - 14 + 0 = -2*a, 20 = -5*a. Let z(x) = x**2 - 4. Let p = 9 - 5. What is the remainder when t is divided by z(p)?
10
Let y(u) = 18*u - 28. Calculate the remainder when y(6) is divided by 42.
38
Calculate the remainder when 29 is divided by (-4)/2 - (-10 - 2).
9
Let o(w) = w**3 - 4*w**2 - 4*w - 7. Let t be o(5). Let r = t + 15. What is the remainder when 37 is divided by r?
11
Let j = 1 - -3. Suppose y - j*y = -30. Calculate the remainder when y is divided by 4.
2
Let h be (-60)/(-14) + 2/(-7). Suppose -h*a + 9*a = 40. What is the remainder when 23/3*(4 - 1) is divided by a?
7
Let h(b) = -5*b - 3*b**2 - b - 2 + 2*b**2. Let m be h(-4). What is the remainder when ((-6)/(-4))/(m/176) is divided by 23?
21
Suppose -3*q - 3*p = -138, -7*q + 3*q + p + 174 = 0. Let m be (-21 - 0)*8/(-6). Let z = q - m. What is the remainder when z is divided by 6?
4
Suppose 2*r - 4*x = 2, -3*r + 15 = 3*x + 3. What is the remainder when 30 is divided by r*(2 - 1) + 5?
6
Suppose 18 = 2*m - m. What is the remainder when m is divided by 10?
8
Suppose 22*b = 13 + 9. Calculate the remainder when 